{"id":417,"date":"2026-04-06T09:41:15","date_gmt":"2026-04-06T09:41:15","guid":{"rendered":"https:\/\/khoahocvietnhat.com.vn\/?page_id=417"},"modified":"2026-04-07T05:02:35","modified_gmt":"2026-04-07T05:02:35","slug":"keo-do-khuon","status":"publish","type":"page","link":"https:\/\/khoahocvietnhat.com.vn\/index.php\/keo-do-khuon\/","title":{"rendered":"Keo \u0111\u1ed5 khu\u00f4n"},"content":{"rendered":"\t\t<div data-elementor-type=\"wp-page\" data-elementor-id=\"417\" class=\"elementor elementor-417\">\n\t\t\t\t<div class=\"elementor-element elementor-element-13aff27 e-flex e-con-boxed e-con e-parent\" data-id=\"13aff27\" data-element_type=\"container\" data-e-type=\"container\">\n\t\t\t\t\t<div class=\"e-con-inner\">\n\t\t<div class=\"elementor-element elementor-element-8db2079 e-con-full e-flex e-con e-child\" data-id=\"8db2079\" data-element_type=\"container\" data-e-type=\"container\">\n\t\t\t\t<div class=\"elementor-element elementor-element-71c995f elementor-widget elementor-widget-text-editor\" data-id=\"71c995f\" data-element_type=\"widget\" data-e-type=\"widget\" data-widget_type=\"text-editor.default\">\n\t\t\t\t\t\t\t\t\t<h3>H\u1ee3p ch\u1ea5t tr\u00e1m k\u00edn \u0111i\u1ec7n t\u1eed<\/h3>\n<p>C\u00e1c v\u1eadt li\u1ec7u ch\u1ee9c n\u0103ng ELAPLUS c\u00f3 s\u1eb5n d\u01b0\u1edbi d\u1ea1ng keo tr\u00e1m k\u00edn silicon h\u1eefu c\u01a1, keo tr\u00e1m k\u00edn epoxy v\u00e0 keo tr\u00e1m k\u00edn polyurethane, v\u1edbi \u0111\u1ed9 d\u1eabn nhi\u1ec7t t\u1eeb 1,0-7,0 W\/m.k. Ch\u00fang c\u00f3 kh\u1ea3 n\u0103ng ch\u1ecbu nhi\u1ec7t \u0111\u1ed9 cao v\u00e0 th\u1ea5p t\u1ed1t, \u0111\u1ed9 d\u1ebbo v\u00e0 kh\u1ea3 n\u0103ng c\u00e1ch \u0111i\u1ec7n, \u0111\u01b0\u1ee3c s\u1eed d\u1ee5ng r\u1ed9ng r\u00e3i trong c\u00e1c l\u0129nh v\u1ef1c \u0111\u00f2i h\u1ecfi \u0111\u1ed9 b\u1ec1n v\u00e0 \u0111\u1ed9 ch\u1eafc ch\u1eafn cao, ch\u1eb3ng h\u1ea1n nh\u01b0 \u0111i\u1ec7n t\u1eed \u00f4 t\u00f4, linh ki\u1ec7n \u0111i\u1ec7n t\u1eed v\u00e0 b\u1ea3o v\u1ec7 \u0111\u1ed9ng c\u01a1.<b><\/b><\/p>\t\t\t\t\t\t\t\t<\/div>\n\t\t\t\t<\/div>\n\t\t<div class=\"elementor-element elementor-element-5748f08 e-con-full e-flex e-con e-child\" data-id=\"5748f08\" data-element_type=\"container\" data-e-type=\"container\">\n\t\t\t\t\t\t\t\n\t\t<img class=\"e-image-base \" \n\t\t\t\t\tdata-interaction-id=\"b56baee\" \n\t\t \n\t\t \n\t\t\t\t\t\t\t\t\tid=\"419\"\n\t\t\t\t\t\t\t\t\t\t\t\tsrc=\"https:\/\/khoahocvietnhat.com.vn\/wp-content\/uploads\/2026\/04\/\u704c\u5c01.png\"\n\t\t\t\t\t\t\t\t\t\t\t\twidth=\"540\"\n\t\t\t\t\t\t\t\t\t\t\t\theight=\"355\"\n\t\t\t\t\t\t\t\t\t\t\t\tsrcset=\"https:\/\/khoahocvietnhat.com.vn\/wp-content\/uploads\/2026\/04\/\u704c\u5c01.png 540w, https:\/\/khoahocvietnhat.com.vn\/wp-content\/uploads\/2026\/04\/\u704c\u5c01-300x197.png 300w\"\n\t\t\t\t\t\t\t\t\t\t\t\talt=\"\"\n\t\t\t\t\t\t\/>\n\t\t\t\t\t<\/div>\n\t\t\t\t\t<\/div>\n\t\t\t\t<\/div>\n\t\t<div class=\"elementor-element elementor-element-b2ce348 e-grid e-con-full e-con e-parent\" data-id=\"b2ce348\" data-element_type=\"container\" data-e-type=\"container\">\n\t\t\t\t\t\t\t<h2 \n\t\tdata-interaction-id=\"c04dcdb\" \n\t\tclass=\"e-c04dcdb-babb8e3 e-heading-base\" \n\t\t \n\t\t\n\t>\n\t\n\t\t\tC\u00e1c s\u1ea3n ph\u1ea9m n\u1ed5i b\u1eadt\n\t\t<\/h2>\n\t\t\t\t\t\t\t\t<p class=\"e-4d30897-292f61e e-paragraph-base\" data-interaction-id=\"4d30897\"  >\n\t\t\t\t\t\t\t\tKh\u00e1m ph\u00e1 c\u00e1c s\u1ea3n ph\u1ea9m b\u00e1n ch\u1ea1y nh\u1ea5t v\u1ec1 d\u1eabn nhi\u1ec7t, k\u1ebft d\u00ednh, ni\u00eam phong v\u00e0 \u0111\u1ed5 khu\u00f4n, cung c\u1ea5p gi\u1ea3i ph\u00e1p keo d\u00e1n ho\u00e0n h\u1ea3o cho d\u1ef1 \u00e1n c\u1ee7a b\u1ea1n.\n\t\t\t\t\t<\/p>\n\t\t\t\t<div class=\"elementor-element elementor-element-6ffe32a elementor-widget elementor-widget-html\" data-id=\"6ffe32a\" data-element_type=\"widget\" data-e-type=\"widget\" data-widget_type=\"html.default\">\n\t\t\t\t\t<div class=\"product-page\">\r\n\r\n  <!-- FILTER -->\r\n  <div class=\"tabs\">\r\n    <button class=\"tab active\" data-tab=\"silicone\">Organic silicone potting sealant<\/button>\r\n    <button class=\"tab\" data-tab=\"epoxy\">Epoxy potting adhesive<\/button>\r\n    <button class=\"tab\" data-tab=\"pu\">Polyurethane potting compound<\/button>\r\n  <\/div>\r\n\r\n  <!-- GRID -->\r\n  <div class=\"grid\" id=\"productGrid\"><\/div>\r\n\r\n<\/div>\r\n\r\n<style>\r\n.product-page {\r\n  max-width: 1100px;\r\n  margin: auto;\r\n  padding: 40px 20px;\r\n  font-family: Arial;\r\n}\r\n\r\n.tabs {\r\n  text-align: center;\r\n  margin-bottom: 30px;\r\n}\r\n\r\n.tab {\r\n  padding: 10px 18px;\r\n  border: none;\r\n  background: #eee;\r\n  margin: 5px;\r\n  cursor: pointer;\r\n  border-radius: 6px;\r\n  transition: 0.3s;\r\n  font-size: 14px;\r\n}\r\n\r\n.tab.active {\r\n  background: #333;\r\n  color: #fff;\r\n}\r\n\r\n.grid {\r\n  display: flex;\r\n  flex-wrap: wrap;\r\n  gap: 25px;\r\n  justify-content: center;\r\n}\r\n\r\n.card {\r\n  width: 280px;\r\n  background: #fff;\r\n  border-radius: 10px;\r\n  overflow: hidden;\r\n  cursor: pointer;\r\n  transition: 0.3s;\r\n  box-shadow: 0 5px 15px rgba(0,0,0,0.08);\r\n}\r\n\r\n.card img {\r\n  width: 100%;\r\n  height: 200px;\r\n  object-fit: cover;\r\n}\r\n\r\n.card p {\r\n  padding: 15px;\r\n  font-size: 14px;\r\n}\r\n\r\n.card:hover {\r\n  transform: translateY(-10px) scale(1.02);\r\n  box-shadow: 0 15px 30px rgba(0,0,0,0.15);\r\n}\r\n<\/style>\r\n\r\n<script>\r\nconst productData = {\r\n\r\n  silicone: [\r\n    {\r\n      img: \"https:\/\/en.elaplus.cc\/wp-content\/uploads\/2024\/08\/8603\u58f61.jpg\",\r\n      name: \"SIPA 1850 A\/B general use silicone potting compound\",\r\n      url: \"https:\/\/khoahocvietnhat.com.vn\/index.php\/pur-1635-a-b-transparent-light-yellow-polyurethane-potting-compound\/\"\r\n    },\r\n    {\r\n      img: \"https:\/\/en.elaplus.cc\/wp-content\/uploads\/2024\/08\/8125-100.10-3.jpg\",\r\n      name: \"SIPC 1815T A\/B Silicone Potting Adhesive\",\r\n      url: \"https:\/\/khoahocvietnhat.com.vn\/index.php\/pur-1635-a-b-transparent-light-yellow-polyurethane-potting-compound\/\"\r\n    },\r\n    {\r\n      img: \"https:\/\/en.elaplus.cc\/wp-content\/uploads\/2024\/08\/8715-10kg\u58f6-2.jpg\",\r\n      name: \"SIPA 1840 A\/B Optical-grade silicone gel\",\r\n      url: \"https:\/\/khoahocvietnhat.com.vn\/index.php\/pur-1635-a-b-transparent-light-yellow-polyurethane-potting-compound\/\"\r\n    },\r\n    {\r\n      img: \"https:\/\/en.elaplus.cc\/wp-content\/uploads\/2024\/08\/8125-100.10.jpg\",\r\n      name: \"SIPA 3015 bonding type potting compound\",\r\n      url: \"https:\/\/khoahocvietnhat.com.vn\/index.php\/pur-1635-a-b-transparent-light-yellow-polyurethane-potting-compound\/\"\r\n    },\r\n    {\r\n      img: \"https:\/\/en.elaplus.cc\/wp-content\/uploads\/2024\/04\/100.10-\u62f7\u8d1d.png\",\r\n      name: \"SIPC 1816 A\/B silicone potting material\",\r\n      url: \"https:\/\/khoahocvietnhat.com.vn\/index.php\/pur-1635-a-b-transparent-light-yellow-polyurethane-potting-compound\/\"\r\n    },\r\n    {\r\n      img: \"https:\/\/en.elaplus.cc\/wp-content\/uploads\/2023\/12\/8715-10kg\u58f6-\u62f7\u8d1d.png\",\r\n      name: \"SIPA 1822 Two component dielectric insulating gel\",\r\n      url: \"https:\/\/khoahocvietnhat.com.vn\/index.php\/pur-1635-a-b-transparent-light-yellow-polyurethane-potting-compound\/\"\r\n    }\r\n  ],\r\n\r\n  epoxy: [\r\n    {\r\n      img: \"https:\/\/en.elaplus.cc\/wp-content\/themes\/Factory\/timthumb.php?src=https:\/\/en.elaplus.cc\/wp-content\/uploads\/2024\/04\/6110-\u62f7\u8d1d.png&w=350&h=230&zc=1&q=100\",\r\n      name: \"EP1716A\/B 2K Thermal conductive Epoxy potting material\",\r\n      url: \"https:\/\/khoahocvietnhat.com.vn\/index.php\/pur-1635-a-b-transparent-light-yellow-polyurethane-potting-compound\/\"\r\n    },\r\n    {\r\n      img: \"https:\/\/en.elaplus.cc\/wp-content\/themes\/Factory\/timthumb.php?src=https:\/\/en.elaplus.cc\/wp-content\/uploads\/2024\/08\/8125T-5kg\u58f6.jpg&w=350&h=230&zc=1&q=100\",\r\n      name: \"EP 2020 epoxy resin adhesive - Suitable for potting and structural bonding\",\r\n      url: \"https:\/\/khoahocvietnhat.com.vn\/index.php\/pur-1635-a-b-transparent-light-yellow-polyurethane-potting-compound\/\"\r\n    },\r\n    {\r\n      img: \"https:\/\/en.elaplus.cc\/wp-content\/themes\/Factory\/timthumb.php?src=https:\/\/en.elaplus.cc\/wp-content\/uploads\/2024\/08\/6608-20KG.jpg&w=350&h=230&zc=1&q=100\",\r\n      name: \"EP 1708-5 A\/B 2K Transparent Epoxy Encapsulant\",\r\n      url: \"https:\/\/khoahocvietnhat.com.vn\/index.php\/pur-1635-a-b-transparent-light-yellow-polyurethane-potting-compound\/\"\r\n    },\r\n    {\r\n      img: \"https:\/\/en.elaplus.cc\/wp-content\/themes\/Factory\/timthumb.php?src=https:\/\/en.elaplus.cc\/wp-content\/uploads\/2024\/08\/6110-3.jpg&w=350&h=230&zc=1&q=100\",\r\n      name: \"EP 1718 Grey Epoxy Structural Encapsulant\",\r\n      url: \"https:\/\/khoahocvietnhat.com.vn\/index.php\/pur-1635-a-b-transparent-light-yellow-polyurethane-potting-compound\/\"\r\n    },\r\n    {\r\n      img: \"https:\/\/en.elaplus.cc\/wp-content\/themes\/Factory\/timthumb.php?src=https:\/\/en.elaplus.cc\/wp-content\/uploads\/2024\/08\/6110-3.jpg&w=350&h=230&zc=1&q=100\",\r\n      name: \"EP 1712 A\/B Potting Compound Material - Flame Retardant Epoxy Resin\",\r\n      url: \"https:\/\/khoahocvietnhat.com.vn\/index.php\/pur-1635-a-b-transparent-light-yellow-polyurethane-potting-compound\/\"\r\n    },\r\n    {\r\n      img: \"https:\/\/en.elaplus.cc\/wp-content\/themes\/Factory\/timthumb.php?src=https:\/\/en.elaplus.cc\/wp-content\/uploads\/2024\/08\/310ml-1-1.jpg&w=350&h=230&zc=1&q=100\",\r\n      name: \"EP 1700 One-component Epoxy Encapsulant\",\r\n      url: \"https:\/\/khoahocvietnhat.com.vn\/index.php\/pur-1635-a-b-transparent-light-yellow-polyurethane-potting-compound\/\"\r\n    }\r\n  ],\r\n\r\n  pu: [\r\n    {\r\n      img: \"https:\/\/en.elaplus.cc\/wp-content\/themes\/Factory\/timthumb.php?src=https:\/\/en.elaplus.cc\/wp-content\/uploads\/2024\/08\/6110-1.jpg&w=350&h=230&zc=1&q=100\",\r\n      name: \"PUR 1635 A\/B Transparent Polyurethane Potting Compound\",\r\n      url: \"https:\/\/khoahocvietnhat.com.vn\/index.php\/pur-1635-a-b-transparent-light-yellow-polyurethane-potting-compound\/\"\r\n    },\r\n    {\r\n      img: \"https:\/\/en.elaplus.cc\/wp-content\/themes\/Factory\/timthumb.php?src=https:\/\/en.elaplus.cc\/wp-content\/uploads\/2024\/04\/6608-20KG-1.jpg&w=350&h=230&zc=1&q=100\",\r\n      name: \"PUR 1639 A\/B Two component polyurethane potting compound\",\r\n      url: \"https:\/\/khoahocvietnhat.com.vn\/index.php\/pur-1635-a-b-transparent-light-yellow-polyurethane-potting-compound\/\"\r\n    },\r\n    {\r\n      img: \"https:\/\/en.elaplus.cc\/wp-content\/themes\/Factory\/timthumb.php?src=https:\/\/en.elaplus.cc\/wp-content\/uploads\/2024\/04\/6608-20KG-1.jpg&w=350&h=230&zc=1&q=100\",\r\n      name: \"PUR 1645 A\/B Two component polyurethane potting material\",\r\n      url: \"https:\/\/khoahocvietnhat.com.vn\/index.php\/pur-1635-a-b-transparent-light-yellow-polyurethane-potting-compound\/\"\r\n    },\r\n    {\r\n      img: \"https:\/\/en.elaplus.cc\/wp-content\/themes\/Factory\/timthumb.php?src=https:\/\/en.elaplus.cc\/wp-content\/uploads\/2024\/04\/6608-20KG-1.jpg&w=350&h=230&zc=1&q=100\",\r\n      name: \"PUR 1635 A\/B Transparent light yellow polyurethane potting compound\",\r\n      url: \"https:\/\/khoahocvietnhat.com.vn\/index.php\/pur-1635-a-b-transparent-light-yellow-polyurethane-potting-compound\/\"\r\n    }\r\n  ]\r\n\r\n};\r\n\r\nconst grid = document.getElementById(\"productGrid\");\r\nconst tabs = document.querySelectorAll(\".tab\");\r\n\r\nfunction renderProducts(type) {\r\n  grid.innerHTML = \"\";\r\n\r\n  productData[type].forEach(p => {\r\n    const card = document.createElement(\"div\");\r\n    card.className = \"card\";\r\n\r\n    \/* \ud83d\udd25 CLICK \u0110I THEO URL RI\u00caNG *\/\r\n    card.onclick = () => {\r\n      window.location.href = p.url;\r\n    };\r\n\r\n    card.innerHTML = `\r\n      <img decoding=\"async\" src=\"${p.img}\">\r\n      <p>${p.name}<\/p>\r\n    `;\r\n\r\n    grid.appendChild(card);\r\n  });\r\n}\r\n\r\n\/* load m\u1eb7c \u0111\u1ecbnh *\/\r\nrenderProducts(\"silicone\");\r\n\r\n\/* click tab *\/\r\ntabs.forEach(tab => {\r\n  tab.onclick = () => {\r\n    document.querySelector(\".tab.active\").classList.remove(\"active\");\r\n    tab.classList.add(\"active\");\r\n\r\n    renderProducts(tab.dataset.tab);\r\n  };\r\n});\r\n<\/script>\t\t\t\t<\/div>\n\t\t\t\t<\/div>\n\t\t\t\t<\/div>\n\t\t","protected":false},"excerpt":{"rendered":"<p>H\u1ee3p ch\u1ea5t tr\u00e1m k\u00edn \u0111i\u1ec7n t\u1eed C\u00e1c v\u1eadt li\u1ec7u ch\u1ee9c n\u0103ng ELAPLUS c\u00f3 s\u1eb5n d\u01b0\u1edbi d\u1ea1ng keo tr\u00e1m k\u00edn silicon h\u1eefu c\u01a1, keo tr\u00e1m k\u00edn epoxy v\u00e0 keo tr\u00e1m k\u00edn polyurethane, v\u1edbi \u0111\u1ed9 d\u1eabn nhi\u1ec7t t\u1eeb 1,0-7,0 W\/m.k. Ch\u00fang c\u00f3 kh\u1ea3 n\u0103ng ch\u1ecbu nhi\u1ec7t \u0111\u1ed9 cao v\u00e0 th\u1ea5p t\u1ed1t, \u0111\u1ed9 d\u1ebbo v\u00e0 kh\u1ea3 n\u0103ng c\u00e1ch [&hellip;]<\/p>\n","protected":false},"author":1,"featured_media":0,"parent":0,"menu_order":0,"comment_status":"closed","ping_status":"closed","template":"","meta":{"footnotes":""},"class_list":["post-417","page","type-page","status-publish","hentry"],"_links":{"self":[{"href":"https:\/\/khoahocvietnhat.com.vn\/index.php\/wp-json\/wp\/v2\/pages\/417","targetHints":{"allow":["GET"]}}],"collection":[{"href":"https:\/\/khoahocvietnhat.com.vn\/index.php\/wp-json\/wp\/v2\/pages"}],"about":[{"href":"https:\/\/khoahocvietnhat.com.vn\/index.php\/wp-json\/wp\/v2\/types\/page"}],"author":[{"embeddable":true,"href":"https:\/\/khoahocvietnhat.com.vn\/index.php\/wp-json\/wp\/v2\/users\/1"}],"replies":[{"embeddable":true,"href":"https:\/\/khoahocvietnhat.com.vn\/index.php\/wp-json\/wp\/v2\/comments?post=417"}],"version-history":[{"count":19,"href":"https:\/\/khoahocvietnhat.com.vn\/index.php\/wp-json\/wp\/v2\/pages\/417\/revisions"}],"predecessor-version":[{"id":458,"href":"https:\/\/khoahocvietnhat.com.vn\/index.php\/wp-json\/wp\/v2\/pages\/417\/revisions\/458"}],"wp:attachment":[{"href":"https:\/\/khoahocvietnhat.com.vn\/index.php\/wp-json\/wp\/v2\/media?parent=417"}],"curies":[{"name":"wp","href":"https:\/\/api.w.org\/{rel}","templated":true}]}}